v(b) = 14*b - 3 + 14*b - 25*b. Let i be v(-6). Let l = i + 52. What are the prime factors of l?
31
What are the prime factors of (-1 + 4)*284/6?
2, 71
Suppose 2*t - 3052 = -2*r, 2403 = -4*r - 3*t + 8507. What are the prime factors of r?
2, 7, 109
Suppose 0 = -24*y + 6212 + 3652. List the prime factors of y.
3, 137
Suppose o = 5*d - 21, -3*d + 17 = 2*d - 2*o. Suppose 3*p + 0 = d*t + 9, -3*p + 9 = -4*t. Let m(k) = 2*k + 67. List the prime factors of m(t).
67
Suppose 0 = 3*n - 6*t + 3*t - 30, 2*n - 17 = 5*t. Suppose -5*h + 16 = k, 1 = 4*k - 3. Suppose -5*m + i + 56 = -h*i, m - i = n. List the prime factors of m.
2, 3
Let g(y) = -y**2 - y + 5. Let z be g(3). Let t(k) = k + 5. Let b be t(z). What are the prime factors of b/3*(-45)/1?
2, 3, 5
Suppose 5*l = -2*h + 3*h + 17, -4*h - 4*l - 44 = 0. Let b be h/(-9)*3 - 4. Suppose b = d - 3*m - 11, -5*d + 3*m = -14 - 5. List the prime factors of d.
2
Let b = 9 - 23. Suppose -139 - 983 = -22*s. Let z = s + b. List the prime factors of z.
37
Suppose 0 = 3*d - 4*n - 1903, d = 4*n + 755 - 126. List the prime factors of d.
7, 13
Suppose 3*g + 2 = 11. Let r be (g/3)/(3/255). Suppose 3*n - r = m, -4*n + 110 = 3*m + 1. What are the prime factors of n?
2, 7
Let t be (21/9)/((-2)/(-6)). Let k(f) = -f**3 + 12*f**2 + f**3 + 9*f - 6*f**2 + 8 - f**3. List the prime factors of k(t).
2, 11
Let y(s) be the first derivative of s**4/2 - 2*s**3/3 + 2*s**2 + s - 36. Let t = 1 - -2. List the prime factors of y(t).
7
Suppose 212 = 2*d + 2*d. Suppose t - d = -5*b, -12 = -3*b - 0*b. What are the prime factors of t?
3, 11
Let x be (2 + -3)/((-7)/(-21)). Let t be (1/x)/(1/(-6)). What are the prime factors of (t/1 - -9)*2?
2, 11
Let a(m) be the third derivative of -m**6/120 + m**5/6 + m**4/12 + 11*m**3/6 + 5*m**2. What are the prime factors of a(10)?
31
Let i = 604 + -255. What are the prime factors of i?
349
Let d(r) = -r**3 + 6*r**2 - 3*r + 5. Let f be d(4). Let h = 14 - f. Let o = h + 14. List the prime factors of o.
3
Suppose 2*i - 3 + 4 = -3*g, i - 3 = 2*g. Let m be (6/(-9))/(i/(-18)). Let b = 22 + m. List the prime factors of b.
2, 17
Suppose -35*y + 39 = -32*y. Let c = y - 11. List the prime factors of c.
2
Let x = 273 + -31. List the prime factors of x.
2, 11
Let x(f) = -f + 2. Let m be x(-4). Suppose -15 = 5*q + 2*r, 0 = -5*q - 5*r + r - 15. Let g = m + q. List the prime factors of g.
3
Let y be (636/(-8))/((-9)/(-12))*-1. Let d = -62 + y. What are the prime factors of d?
2, 11
Let p be (3 - 375/(-9))*3. Let m be (p/(-6))/((-1)/(-3)). Let r = -42 - m. What are the prime factors of r?
5
List the prime factors of -8 - (398/(-1) + -1).
17, 23
Suppose -a = -518 - 212. What are the prime factors of a?
2, 5, 73
Let a = 207 + -76. Suppose 3*l = 1 + a. Suppose l = -6*h + 290. List the prime factors of h.
41
Let t(c) = 318*c**2 - 18*c + 44. What are the prime factors of t(2)?
2, 5
Suppose 15*m = -3*m + 3870. List the prime factors of m.
5, 43
Let d(b) = -b**3 - 6*b**2 + b + 5. Let c be d(-6). Suppose -8*x = -5*x - 18. What are the prime factors of (x/18)/(c/(-33))?
11
Let g be 83*(4 + 12/(-4)). Let b = 191 - g. Suppose 0 = -0*a - 4*a + b. What are the prime factors of a?
3
List the prime factors of (32/5)/(2 + 72/(-40)).
2
Suppose 1963 = 11*g - 1920. What are the prime factors of g?
353
Let w be 0 + -2 + -2 + -2. Let q = w + 3. What are the prime factors of 2/q + 177/9?
19
Suppose -5*c - 12 = -2. List the prime factors of (8/6)/(c/(-102)).
2, 17
Let i(p) be the third derivative of p**4/6 - 2*p**3/3 - 3*p**2. Let n(a) = a**2 + 17*a - 16. Let g be n(-18). What are the prime factors of i(g)?
2
Suppose 0*r - 8 = -2*r. Suppose -2*o + o = 5*c - 16, -4*c = o - 16. Suppose r*u - 184 = o. List the prime factors of u.
2, 5
Let p = 33 + -28. Suppose n = -p, 3*n - 96 = -x + 8*n. What are the prime factors of x?
71
Let m be (7 + -5)/((-2)/(-4)). Suppose j - 4*h = 60, 177 = 4*j + m*h + h. What are the prime factors of j?
2, 3
Let r(z) = 1098*z + 622. List the prime factors of r(4).
2, 23, 109
Let b = 268 - 181. Let s = b + -44. Let c = s - 12. What are the prime factors of c?
31
What are the prime factors of (-768 - 24)*(-3)/2?
2, 3, 11
Suppose -5*l = 0, 7*a = 3*a + 4*l + 12. Suppose -v + a - 8 = -4*s, -3*v + 5*s = 1. Suppose v*i + i - 84 = -4*y, 3*i - 63 = -2*y. List the prime factors of i.
3, 7
Let d(x) = x**3 + 5*x**2 + 4*x - 4. Let i be d(-3). Suppose s - i*s + 94 = 3*y, 518 = 5*s - y. List the prime factors of s.
103
Suppose -3*s = -4*y - 47, -2*s = s - 3*y - 42. Suppose -3*r = s*r - 3276. List the prime factors of r.
3, 7, 13
Suppose -14 + 8 = -3*x. Suppose -5*v = -x*u - 67, -4*u + 3*v = v + 94. What are the prime factors of 2/7 - 330/u?
2
Let r(f) = f**2 + 10 - 6*f - 2*f + 5*f. What are the prime factors of r(6)?
2, 7
Let g(j) be the first derivative of -j**3/3 + 5*j**2 + 8*j + 1. Let r be 4/((-20)/15)*-3. What are the prime factors of g(r)?
17
What are the prime factors of (6/10*-3826)/((-12)/20)?
2, 1913
Let a = -21 - -12. Let i be 6/(a*1/(-6)). Suppose 0 = -i*y + 8*y - 100. List the prime factors of y.
5
Let k be 19/4 - (-2)/8. Suppose -k*s + 156 = -s. Suppose -3*l - s = -2*u, -l - l = -u + 21. List the prime factors of u.
3, 5
Let l(p) be the second derivative of p**3/6 + 4*p**2 - 3*p. Let w be l(-4). Suppose 0 = -3*m - 3*r + 72, -w*m + 106 - 3 = -3*r. What are the prime factors of m?
5
Let x(a) be the second derivative of 17*a**4/12 - a**3 + a**2 - 7*a. Let t be x(2). Suppose t = 3*l + 4. What are the prime factors of l?
2, 3
Let u = -461 + 321. Let d = -72 - u. Suppose 4*b - 126 + 14 = 4*r, 2*b = 5*r + d. List the prime factors of b.
2, 3
Suppose 3*h + 5*d = -773, 3*h = -0*d - 2*d - 779. Let w be (h + -7)/(2/(-1)). Suppose -w = -5*r - 29. What are the prime factors of r?
3, 7
Let g(p) = 7*p + 9*p - 6 - 22*p + 38 + 2*p**2. List the prime factors of g(4).
2, 5
Let f be 2/11 - 666/33. What are the prime factors of (-4)/(-6)*(-690)/f?
23
Suppose -2*o - 15 = 3*c, -5*o - c = -o + 5. Suppose d - 3*m - 42 = 92, -d - 5*m + 94 = o. What are the prime factors of d?
7, 17
Suppose -48 = -263*u + 259*u. What are the prime factors of u?
2, 3
Let l be -1*(1 - (-1 - -1)). Let w be l/3 - 52/(-12). Suppose w*u - 114 = 6. What are the prime factors of u?
2, 3, 5
Suppose 4*p + 921 = 5*l, -2*l - p = -3*p - 370. List the prime factors of l.
181
What are the prime factors of (-415)/(14 + -15 + 0/1)?
5, 83
Let j(a) = 2*a**2 - 1. Let z be j(2). Suppose 3*w - z*w - 32 = 0. What are the prime factors of (-832)/w*(-1)/(-2)?
2, 13
Let s = 3096 - 945. List the prime factors of s.
3, 239
Suppose 9*d = d + 248. Let w = -27 + d. What are the prime factors of w?
2
Let i(s) = -8*s**3 - 20*s**2 - s + 6. What are the prime factors of i(-8)?
2, 5, 283
Let t = 48 + -81. Let i be (-11)/t + (-11)/(-3). Suppose p = 5*q + 58, i*p - 3*q - 114 = p. What are the prime factors of p?
3, 11
Suppose m - 3*m + 14 = -2*l, 4*m = -5*l + 10. Suppose 3*u + 64 = -2*c, u + 2*u + 71 = m*c. List the prime factors of (-620)/u - 6/33.
2, 7
Let g(z) = 2*z**2 - 28*z - 166. List the prime factors of g(30).
2, 397
Let n = -120 + 34. List the prime factors of 3/((-3)/n) - (1 + -2).
3, 29
Suppose 5*c = c - 12. Let r be 6/(-27)*c*-57. Let b = -20 - r. List the prime factors of b.
2, 3
Let t be 14*(-1 + 3/2). Let h(i) = -i**3 + 9*i**2 - 9*i - 7. Let y be h(t). Suppose 3*u - y = -u. List the prime factors of u.
7
Suppose 39729 = -184*o + 225*o. What are the prime factors of o?
3, 17, 19
Let k = -331 + 621. List the prime factors of k.
2, 5, 29
Suppose -860 = -4*y + 3*r - 6*r, -y = -4*r - 196. Suppose -3*h + 406 = -y. What are the prime factors of h?
2, 103
Let b = -6 + 9. List the prime factors of (b*-23 - -4)*-1.
5, 13
Let d(z) = -z**3 - 2*z**2 - 2*z - 5. Suppose -f = -0*f - 3. Suppose 2 = -f*r - 10. List the prime factors of d(r).
5, 7
Suppose -5*r = 2*q - 2217, -3*r - q + 1058 + 272 = 0. List the prime factors of r.
443
Let m = 5 - 9. Let l be 52/39 - m/6. Suppose u + 34 = l*u + 3*h, 4*u - 3*h = 91. What are the prime factors of u?
5
Let t(a) = -7 + 6*a + 17 - 10*a. Let m be t(7). List the prime factors of 484/9 - 4/m.
2, 3
Suppose -8 = v - 3*v. Let x be -2 + 1/(v/368). List the prime factors of (4/(-3))/((-6)/x).
2, 5
Suppose -3*a - 86*o = -83*o - 4413, 0 = 4*a + o - 5893. List the prime factors 